/3 - 17*t**2/2 - 8*t + 1805. Determine d(-11).
58
Suppose -l - 85 = -87. Let y(t) = l + 2*t - 6*t + t + 1. Determine y(-7).
24
Let m(f) = -15*f - 4 - 18*f + 40*f - 9*f**2 - 11*f. Determine m(-1).
-9
Suppose 0 = -3*f - 17 - 157. Let n = f + 41. Let d(m) = -m - 14. What is d(n)?
3
Suppose -2*m - 3 + 19 = -3*s, 4*s = 5*m - 26. Let l(y) = -2*y**2 + 5*y - 6. Calculate l(m).
-4
Let a(g) = 2*g - 16. Let d be ((-14)/(-112))/((-1)/(-56)). Calculate a(d).
-2
Let d(l) = -l**3 - 5*l**2. Let n(t) = -2*t**3 - 6*t**2 + t. Let j = -22 + 24. Let w = 50 + -53. Let o(y) = j*n(y) + w*d(y). What is o(2)?
8
Let w(o) be the first derivative of o**3/3 + 5*o**2/2 + 6*o + 9. Suppose -2*m = -0*i - i + 5, -i + 8 = -3*m. Give w(m).
0
Let v be 2/30 + (-13279)/735. Let s(p) = 12*p + 219. Determine s(v).
3
Let m(p) = p**3 + 9*p**2 + p - 8. Let c(q) = -2*q**3 - 18*q**2 - q + 12. Let v(t) = -2*c(t) - 5*m(t). Determine v(-8).
-24
Let j be 3*(5 - 7) - 0. Let p be 6/((-9)/j + -3). Let g(v) = v**2 + 2*v - 7. Give g(p).
1
Let x(p) = -85472*p + 2*p**2 - p**2 - 4*p**2 - 36 + 85485*p + 4*p**2. What is x(-15)?
-6
Suppose -89*x = -94*x - 20. Let o be (10/x)/((-22)/(-44)). Let r(q) = -5*q - q - 5 + 5*q. Calculate r(o).
0
Let u(c) = c**2 + 34039 - 23*c - 33983 + 35*c. Give u(-8).
24
Let p = -46 + 58. Suppose 0 = 5*g, p*o + 44 = 8*o + g. Let s(k) = -k**2 - 11*k - 9. Calculate s(o).
-9
Let i = 71 + -68. Let m(j) = 2*j**2 - 13*j + 7. Let w(o) = o**2 - 6*o + 3. Let x(r) = -2*m(r) + 5*w(r). Let h be x(i). Let k(b) = 2*b**2 + 3*b. Give k(h).
2
Suppose 9*j = -6*j + 90. Let l(d) = 9*d + 13. Let a(c) = 19*c + 27. Let p(q) = j*a(q) - 13*l(q). Determine p(-7).
14
Let l(u) = 17*u + 12*u - 12*u**2 + 15*u - 3 + 18*u - 66*u. Give l(-1).
-11
Let s = 16 + -11. Let j(o) be the second derivative of -30*o + 7/2*o**2 - 1/6*o**3 + 0. Calculate j(s).
2
Let n(t) = t**2 + t - 3. Suppose -12 = -2*b - a, 0*a - 11 = -b - 3*a. Let z be ((-2)/(-1) - b)*4/6. Calculate n(z).
-1
Let u(s) = -3*s - 4. Let l be 0 - -2 - (-118 - (-4 + 5)). Let g = l - 116. Give u(g).
-19
Let v(b) = b**3 - 5*b**2 + 4*b - 2. Let f(q) = -q**3 - 3*q**2 - 4*q + 10. Let m be f(-5). Let i = -77 + m. Suppose -3*z = d - 11, z = 3*z - i*d. Give v(z).
-8
Let i(z) = -2*z**2 - 6*z - 4. Let a be -6 + 3 + 8 - -25. Let y(f) = f**2 - 33*f + 86. Let h be y(a). Give i(h).
-12
Let l(b) = 5*b**3 - b**2 - 7*b - 2. Let q(g) = g**3 - g - 1. Let s be 0 - (-9)/(36/(-16)). Let w(t) = s*q(t) + l(t). Give w(2).
0
Let a(f) = f**3 + 12*f**2 + 18*f + 81. Let v be a(-11). Let y(n) = n**3 - 3*n**2 - n - 9. Determine y(v).
3
Let f(s) be the third derivative of -7*s**5/120 - s**4/8 + s**3/6 + 3*s**2 - 5. Let u(k) be the first derivative of f(k). Calculate u(-3).
18
Let y(v) = 4 + v - 4 - 173*v**2 + 343*v**2 - 171*v**2. Calculate y(4).
-12
Suppose -163*k + 50 = -158*k. Let g(m) = -m**2 + 12*m - 22. What is g(k)?
-2
Let r(a) = -a**2 + 13*a + 7. Let v(t) = t**2 - 11*t - 6. Suppose c = -4*l + 15, 0 = 3*c + l + 2*l. Let y(b) = c*v(b) - 4*r(b). Determine y(4).
-2
Let j(w) = 75*w**2 - 73*w**2 - 7*w - 2 - 2*w**3 + 5*w. What is j(2)?
-14
Let k = 815 + -841. Let b(v) = v + 31. Calculate b(k).
5
Let o(h) = -5*h**2 + 24*h + 7. Suppose -2*f = -l - 7, -5*l + 3 = -2*l - 2*f. Determine o(l).
2
Let j(a) = a**2 - 4*a - 2. Let s be j(4). Let p(v) = -549*v + 179*v + 180*v + 183*v. Let t(r) = -6*r - 1. Let c(o) = -2*p(o) + 3*t(o). Determine c(s).
5
Let v(u) = u**2 + 12*u - 16. Let z(q) = 16*q + 35. Suppose 3*r = -8*r - 33. Let b be z(r). Calculate v(b).
-3
Suppose 3*r - 2 = 4*x, 4*x + r - 1 - 5 = 0. Let s(d) = 31*d + 1. Let v(y) = -6*y - 1. Let t(q) = x*s(q) + 5*v(q). Determine t(1).
-3
Let i(q) = -20*q**3 + 20*q**2 + 20*q + 20. Let h(y) = 7*y**3 - 7*y**2 - 7*y - 7. Let s(n) = -17*h(n) - 6*i(n). Let o be 4 + -11 + -8 + 8 + 9 + 1. What is s(o)?
14
Let v(p) = 4*p - 121. Suppose 104 = 4*o - 3*k, 2*o = 5*k - 24 + 62. Calculate v(o).
-5
Let q(b) = -b**3 - 5*b**2 + 2. Let x(l) = -4*l - 16. Let j be x(-4). Suppose d - 2*d + 6 = j. Let r be (-420)/75 + d/10. What is q(r)?
2
Let s(y) = -62*y - 1. Let g(v) = 378*v + 47. Let c(i) = -g(i) - 6*s(i). What is c(-4)?
-17
Let j(z) be the third derivative of -z**6/120 + z**3/2 + z**2 - 97. Let q = 31 + -31. Let p = q - 0. Give j(p).
3
Let n(y) = -y**3 + 7*y**2 - 7*y + 6. Let c(l) = 25*l + 13. Let o be c(-6). Let b = o + 143. What is n(b)?
0
Let j(r) = -149 + 422 - 12*r + r**3 - 144 - 4*r**2 - 140. Give j(5).
-46
Let d(s) = 2*s + 10. Let z be d(0). Let b(l) = -8*l + l**2 - 553 + 546 + z*l. Calculate b(-6).
17
Let k(y) = y + 2. Let b(o) = 4*o + 5. Let i(c) = b(c) - 3*k(c). Let j(q) = -q**2 + 5*q + 6. Let x(g) = 5*i(g) + j(g). Suppose -r - 3*r = -36. What is x(r)?
10
Let g(y) = -16*y - 170. Let f(n) = 34*n + 354. Let u(k) = -3*f(k) - 7*g(k). Calculate u(-14).
-12
Let r(f) = -4*f**2 - f - 18. Let m(j) be the third derivative of 7*j**5/60 + j**4/12 + 11*j**3/2 - 276*j**2. Let n(w) = -3*m(w) - 5*r(w). Calculate n(0).
-9
Suppose 0 = -3*z - 6 - 3. Let o(r) be the first derivative of 4*r - 1/3*r**3 - 22 + 2*r**2. Give o(z).
-17
Let c(n) be the third derivative of n**4/24 + n**3/2 + 1659*n**2 + 2. Let t(q) = 4*q + 2. Let k = 4 - 6. Let x be t(k). Give c(x).
-3
Let k(x) = 49*x - 4. Let b(h) = 84*h - 8. Let t(d) = -4*b(d) + 7*k(d). Give t(-8).
-52
Let k(w) = -w**2 - 23*w - 1. Let q(f) = f**3 - 15*f**2 + 52*f - 103. Let c be q(11). Determine k(c).
119
Let x(s) be the third derivative of 0 + 36*s**2 - 1/120*s**6 - 5/24*s**4 + 0*s + 7/60*s**5 - 1/2*s**3. What is x(6)?
3
Let n(q) = 10*q**3 + 27*q**2 - 6*q + 6. Let u(l) = -l**3 - 3*l**2 - 1. Let i(s) = -n(s) - 9*u(s). Give i(3).
-6
Let i(n) = -2*n + 1. Let a(h) = 4*h**3 + 17*h**2 + 4*h + 12. Let z be a(-4). Let q be z*-4*(-10)/(-120). Calculate i(q).
9
Suppose -4*v + 46 = 5*n, 0 = 16*n - 19*n + 4*v + 34. Let o(s) = -s + 24. Give o(n).
14
Let k(u) = -214*u - 217*u + 19795 - 19802 + 434*u. Let o(s) = 1. Let m(n) = -2*n. Let d(i) = m(i) - 5*o(i). Let b be d(-4). Determine k(b).
2
Suppose -x = -0*x + 4, 0 = r + x - 20. Let t(l) = l + 42. Let p be t(-25). Let u = r - p. Let i(v) = -v**2 + 6*v + 1. What is i(u)?
-6
Let i be -2 + ((-16)/4)/(-4). Let p be -1 - ((2 - 4) + -4 - i). Let v(o) = 5*o + 5. What is v(p)?
25
Let v(j) = -397*j + 796. Let n be v(2). Let o(w) = 4*w**2 - 3*w - 3. Calculate o(n).
7
Let c(k) = 4*k - 50. Let n be c(21). Let f(l) = l**3 - n + 66 - l - 29. What is f(3)?
27
Let v(o) = -2*o**2 + o. Let h(w) = -w**3 - 13*w**2 + 11*w - 4. Suppose 15*t - 35 = 25. Let d(f) = t*v(f) - h(f). Give d(-6).
10
Let l(y) = y - 9. Let w(i) = -i**2 + 28 - 261*i + 269*i - 4*i**2 + 4*i**2. Let t be w(11). What is l(t)?
-14
Suppose w - 2 = 3*o, 2*w = 5*o - 1 + 5. Let r(u) = -u - 4*u - 4*u**w + u + 3*u. What is r(-1)?
-3
Let r = -20120 - -20122. Let w(j) be the first derivative of 1/3*j**3 + 9*j - 6*j**r - 35. Calculate w(11).
-2
Let k(a) be the second derivative of -3*a**3 + a**2 - 8*a + 17. Give k(-1).
20
Let y(j) = -j**2 + 6*j + 6. Suppose 2*x = -1 - 19. Let i be (12/(-5) - -3) + (-124)/x. Suppose 0 = -7*r - i + 48. Calculate y(r).
11
Let t(c) = c**3 + c**2 - 8*c - 6. Let l be t(3). Let w(y) = 3*y**2 + l*y**2 - 11*y - 8*y**2 + 9. Determine w(9).
-9
Let j = 986 + -986. Let v(f) = 11 - 16 + f**3 + f + 6. Determine v(j).
1
Let c be (5 + (-5)/1)*1. Let x(m) = -10*m**2 - 2*m + 0*m - 6*m**3 + 5*m**3 + c*m**3 - 9. Let p = -31 - -21. What is x(p)?
11
Let n(h) = 4*h**2 + 2*h + 14. Let v(f) = 29*f**2 + 33*f. Let z be v(-1). Calculate n(z).
70
Suppose -99*k - 10*k = 25*k - 804. Let g(v) = v + 4. Determine g(k).
10
Let k(u) = 21*u**2 + 43*u + 6. Let l(q) = -15*q**2 - 40*q - 7. Let r(x) = 2*k(x) + 3*l(x). Calculate r(-13).
-74
Let f(o) = o**3 - 4*o**2 - 9*o - 6. Let s be ((-2)/(-6))/(8/120). Suppose 0*n + s*n = 0, 5*j + 2*n = 30. Give f(j).
12
Let k be 1 - 626/(-8) - (-9)/12. Let r = 82 - k. Let o(u) = -9*u + 3. Give o(r).
-15
Let s = -3875 - -3872. Let t(f) = -4*f + 9. Give t(s).
21
Let c(g) = -g**2 - 1. Let n(r) = -r**2 + 13*r - 24. Suppose 24 + 18 = 4*a + w, 0 = -4*a + 5*w + 54. Let d be n(a). Let f be d*((-1)/(-2))/(6 - 5). Give c(f).
-2
Suppose -32*t - 384 = 128 - 128. Let u(j) = 5*j - 2. Determine u(t).
-62
Let q(p) be the first derivative of -83 - 1/4*p**4 + 1/3*p**3 + 1/2*p**2 - 24*p. Determine q(0).
-24
Let q be -4*(-6)/(-24)*-4*1. Let w b